{"id":182,"date":"2021-01-28T22:05:16","date_gmt":"2021-01-28T22:05:16","guid":{"rendered":"https:\/\/pro-plant.hu\/?page_id=182"},"modified":"2023-02-13T18:52:28","modified_gmt":"2023-02-13T18:52:28","slug":"kapcsolat","status":"publish","type":"page","link":"https:\/\/pro-plant.hu\/index.php\/kapcsolat\/","title":{"rendered":"Kapcsolat"},"content":{"rendered":"<p>[et_pb_section fb_built=&#8221;1&#8243; _builder_version=&#8221;4.7.5&#8243; _module_preset=&#8221;default&#8221; background_image=&#8221;https:\/\/pro-plant.hu\/wp-content\/uploads\/2021\/02\/4853433-scaled.jpg&#8221; parallax=&#8221;on&#8221;][et_pb_row _builder_version=&#8221;4.7.5&#8243; _module_preset=&#8221;default&#8221;][et_pb_column type=&#8221;4_4&#8243; _builder_version=&#8221;4.7.5&#8243; _module_preset=&#8221;default&#8221;][et_pb_text _builder_version=&#8221;4.7.5&#8243; _module_preset=&#8221;default&#8221; text_font=&#8221;Playfair Display|700||on|||||&#8221; text_text_color=&#8221;#000000&#8243; text_font_size=&#8221;32px&#8221; text_line_height=&#8221;1.4em&#8221; custom_padding=&#8221;||||false|false&#8221; text_font_size_tablet=&#8221;&#8221; text_font_size_phone=&#8221;30px&#8221; text_font_size_last_edited=&#8221;on|phone&#8221;]<\/p>\n<p style=\"text-align: left;\">EL\u00c9RHET\u0150S\u00c9GEINK<\/p>\n<p>[\/et_pb_text][\/et_pb_column][\/et_pb_row][et_pb_row _builder_version=&#8221;4.7.5&#8243; _module_preset=&#8221;default&#8221;][et_pb_column type=&#8221;4_4&#8243; _builder_version=&#8221;4.7.5&#8243; _module_preset=&#8221;default&#8221; background_color=&#8221;#ffffff&#8221;][et_pb_image src=&#8221;https:\/\/pro-plant.hu\/wp-content\/uploads\/2021\/03\/pro-plant_logo.png&#8221; title_text=&#8221;proplant_logo_kozep&#8221; align=&#8221;center&#8221; _builder_version=&#8221;4.7.5&#8243; _module_preset=&#8221;default&#8221; custom_margin=&#8221;20px||||false|false&#8221; custom_margin_tablet=&#8221;&#8221; custom_margin_phone=&#8221;20px|10px||10px|false|false&#8221; custom_margin_last_edited=&#8221;on|phone&#8221; hover_enabled=&#8221;0&#8243; sticky_enabled=&#8221;0&#8243;][\/et_pb_image][et_pb_text _builder_version=&#8221;4.7.5&#8243; _module_preset=&#8221;default&#8221; text_font=&#8221;Poppins|700||on|||||&#8221; text_text_color=&#8221;#009fe3&#8243; text_font_size=&#8221;18px&#8221; custom_margin=&#8221;|20px|20px|20px|false|false&#8221; custom_padding=&#8221;||||false|true&#8221;]<\/p>\n<p style=\"text-align: center;\">Keressen minket bizalommal<\/p>\n<p>[\/et_pb_text][et_pb_divider color=&#8221;#009fe3&#8243; divider_weight=&#8221;2px&#8221; _builder_version=&#8221;4.7.5&#8243; _module_preset=&#8221;default&#8221; width=&#8221;57%&#8221; module_alignment=&#8221;center&#8221;][\/et_pb_divider][et_pb_text _builder_version=&#8221;4.7.5&#8243; _module_preset=&#8221;default&#8221; text_font=&#8221;Quicksand|700||on|||||&#8221; text_text_color=&#8221;#000000&#8243; text_font_size=&#8221;16px&#8221; custom_margin=&#8221;-23px|20px||44px|false|false&#8221; custom_padding=&#8221;||19px||false|false&#8221;]<\/p>\n<p>Telefonsz\u00e1m:<\/p>\n<p>+36303836367<\/p>\n<p>E-mail c\u00edm:<\/p>\n<p><a href=\"mailto:proplanthu@gmail.com\">proplanthu@gmail.com<\/a><\/p>\n<p>[\/et_pb_text][et_pb_blurb title=&#8221;Friss h\u00edrek\u00e9rt k\u00f6vesse Facebook oldalunk&#8221; url=&#8221;https:\/\/www.facebook.com\/Pro-Plant-108395607956062&#8243; url_new_window=&#8221;on&#8221; image=&#8221;https:\/\/pro-plant.hu\/wp-content\/uploads\/2021\/02\/facebook-300&#215;300.png&#8221; image_max_width=&#8221;24%&#8221; image_last_edited=&#8221;off|desktop&#8221; _builder_version=&#8221;4.7.5&#8243; _module_preset=&#8221;default&#8221; header_font=&#8221;Playfair Display|700|||||||&#8221; header_text_color=&#8221;#000000&#8243; header_font_size=&#8221;23px&#8221; body_font=&#8221;Quicksand|600|||||||&#8221; body_text_color=&#8221;#000000&#8243; body_font_size=&#8221;18px&#8221; text_orientation=&#8221;center&#8221; custom_margin=&#8221;-32px||||false|false&#8221; custom_padding=&#8221;||35px||false|false&#8221; link_option_url_new_window=&#8221;on&#8221; image__hover_enabled=&#8221;on|hover&#8221; image__hover=&#8221;https:\/\/pro-plant.hu\/wp-content\/uploads\/2021\/02\/facebook_2-300&#215;300.png&#8221; title__hover_enabled=&#8221;on|hover&#8221; content__hover_enabled=&#8221;on|hover&#8221; content__hover=&#8221;<\/p>\n<p><strong>Messengeren is \u00e1llunk rendelkez\u00e9s\u00e9re<\/strong><\/p>\n<p>&#8221; header_text_color__hover_enabled=&#8221;on|hover&#8221; header_text_color__hover=&#8221;#0c71c3&#8243;]<\/p>\n<p style=\"text-align: center;\">Messengeren is \u00e1llunk rendelkez\u00e9s\u00e9re<\/p>\n<p>[\/et_pb_blurb][\/et_pb_column][\/et_pb_row][\/et_pb_section]<\/p>\n","protected":false},"excerpt":{"rendered":"<p>[et_pb_section fb_built=&#8221;1&#8243; _builder_version=&#8221;4.7.5&#8243; _module_preset=&#8221;default&#8221; background_image=&#8221;https:\/\/pro-plant.hu\/wp-content\/uploads\/2021\/02\/4853433-scaled.jpg&#8221; parallax=&#8221;on&#8221;][et_pb_row _builder_version=&#8221;4.7.5&#8243; _module_preset=&#8221;default&#8221;][et_pb_column type=&#8221;4_4&#8243; _builder_version=&#8221;4.7.5&#8243; _module_preset=&#8221;default&#8221;][et_pb_text _builder_version=&#8221;4.7.5&#8243; _module_preset=&#8221;default&#8221; text_font=&#8221;Playfair Display|700||on|||||&#8221; text_text_color=&#8221;#000000&#8243; text_font_size=&#8221;32px&#8221; text_line_height=&#8221;1.4em&#8221; custom_padding=&#8221;||||false|false&#8221; text_font_size_tablet=&#8221;&#8221; text_font_size_phone=&#8221;30px&#8221; text_font_size_last_edited=&#8221;on|phone&#8221;] EL\u00c9RHET\u0150S\u00c9GEINK [\/et_pb_text][\/et_pb_column][\/et_pb_row][et_pb_row _builder_version=&#8221;4.7.5&#8243; _module_preset=&#8221;default&#8221;][et_pb_column type=&#8221;4_4&#8243; _builder_version=&#8221;4.7.5&#8243; _module_preset=&#8221;default&#8221; background_color=&#8221;#ffffff&#8221;][et_pb_image src=&#8221;https:\/\/pro-plant.hu\/wp-content\/uploads\/2021\/03\/pro-plant_logo.png&#8221; title_text=&#8221;proplant_logo_kozep&#8221; align=&#8221;center&#8221; _builder_version=&#8221;4.7.5&#8243; _module_preset=&#8221;default&#8221; custom_margin=&#8221;20px||||false|false&#8221; custom_margin_tablet=&#8221;&#8221; custom_margin_phone=&#8221;20px|10px||10px|false|false&#8221; custom_margin_last_edited=&#8221;on|phone&#8221; hover_enabled=&#8221;0&#8243; sticky_enabled=&#8221;0&#8243;][\/et_pb_image][et_pb_text _builder_version=&#8221;4.7.5&#8243; _module_preset=&#8221;default&#8221; text_font=&#8221;Poppins|700||on|||||&#8221; text_text_color=&#8221;#009fe3&#8243; text_font_size=&#8221;18px&#8221; custom_margin=&#8221;|20px|20px|20px|false|false&#8221; custom_padding=&#8221;||||false|true&#8221;] Keressen minket bizalommal [\/et_pb_text][et_pb_divider color=&#8221;#009fe3&#8243; divider_weight=&#8221;2px&#8221; _builder_version=&#8221;4.7.5&#8243; [&hellip;]<\/p>\n","protected":false},"author":1,"featured_media":0,"parent":0,"menu_order":0,"comment_status":"closed","ping_status":"closed","template":"","meta":{"_et_pb_use_builder":"on","_et_pb_old_content":"","_et_gb_content_width":"","footnotes":""},"class_list":["post-182","page","type-page","status-publish","hentry"],"yoast_head":"<!-- This site is optimized with the Yoast SEO plugin v15.9.2 - https:\/\/yoast.com\/wordpress\/plugins\/seo\/ -->\n<title>Kapcsolat - Pro-Plant.hu - F\u00fcggetlen n\u00f6v\u00e9nyorvos - Szaktan\u00e1csad\u00e1s<\/title>\n<meta name=\"description\" content=\"Mez\u0151gazdas\u00e1gi szaktan\u00e1csad\u00e1sra van sz\u00fcks\u00e9ge? H\u00edvjon minket telefonon vagy t\u00f6ltse ki az online aj\u00e1nlatk\u00e9r\u0151nket.\" \/>\n<link rel=\"canonical\" href=\"https:\/\/pro-plant.hu\/index.php\/kapcsolat\/\" \/>\n<meta property=\"og:locale\" content=\"en_US\" \/>\n<meta property=\"og:type\" content=\"article\" \/>\n<meta property=\"og:title\" content=\"Kapcsolat - Pro-Plant.hu - F\u00fcggetlen n\u00f6v\u00e9nyorvos - Szaktan\u00e1csad\u00e1s\" \/>\n<meta property=\"og:description\" content=\"Mez\u0151gazdas\u00e1gi szaktan\u00e1csad\u00e1sra van sz\u00fcks\u00e9ge? H\u00edvjon minket telefonon vagy t\u00f6ltse ki az online aj\u00e1nlatk\u00e9r\u0151nket.\" \/>\n<meta property=\"og:url\" content=\"https:\/\/pro-plant.hu\/index.php\/kapcsolat\/\" \/>\n<meta property=\"og:site_name\" content=\"Pro-Plant.hu\" \/>\n<meta property=\"article:modified_time\" content=\"2023-02-13T18:52:28+00:00\" \/>\n<meta name=\"twitter:card\" content=\"summary_large_image\" \/>\n<meta name=\"twitter:label1\" content=\"Est. reading time\">\n\t<meta name=\"twitter:data1\" content=\"1 minute\">\n<script type=\"application\/ld+json\" class=\"yoast-schema-graph\">{\"@context\":\"https:\/\/schema.org\",\"@graph\":[{\"@type\":\"Organization\",\"@id\":\"https:\/\/pro-plant.hu\/#organization\",\"name\":\"Pro-Plant\",\"url\":\"https:\/\/pro-plant.hu\/\",\"sameAs\":[],\"logo\":{\"@type\":\"ImageObject\",\"@id\":\"https:\/\/pro-plant.hu\/#logo\",\"inLanguage\":\"en-US\",\"url\":\"https:\/\/pro-plant.hu\/wp-content\/uploads\/2021\/01\/proplant_logo_kozep.png\",\"width\":339,\"height\":89,\"caption\":\"Pro-Plant\"},\"image\":{\"@id\":\"https:\/\/pro-plant.hu\/#logo\"}},{\"@type\":\"WebSite\",\"@id\":\"https:\/\/pro-plant.hu\/#website\",\"url\":\"https:\/\/pro-plant.hu\/\",\"name\":\"Pro-Plant.hu\",\"description\":\"N\\u00f6v\\u00e9nyv\\u00e9delmi Szaktan\\u00e1csad\\u00e1s\",\"publisher\":{\"@id\":\"https:\/\/pro-plant.hu\/#organization\"},\"potentialAction\":[{\"@type\":\"SearchAction\",\"target\":\"https:\/\/pro-plant.hu\/?s={search_term_string}\",\"query-input\":\"required name=search_term_string\"}],\"inLanguage\":\"en-US\"},{\"@type\":\"WebPage\",\"@id\":\"https:\/\/pro-plant.hu\/index.php\/kapcsolat\/#webpage\",\"url\":\"https:\/\/pro-plant.hu\/index.php\/kapcsolat\/\",\"name\":\"Kapcsolat - Pro-Plant.hu - F\\u00fcggetlen n\\u00f6v\\u00e9nyorvos - Szaktan\\u00e1csad\\u00e1s\",\"isPartOf\":{\"@id\":\"https:\/\/pro-plant.hu\/#website\"},\"datePublished\":\"2021-01-28T22:05:16+00:00\",\"dateModified\":\"2023-02-13T18:52:28+00:00\",\"description\":\"Mez\\u0151gazdas\\u00e1gi szaktan\\u00e1csad\\u00e1sra van sz\\u00fcks\\u00e9ge? H\\u00edvjon minket telefonon vagy t\\u00f6ltse ki az online aj\\u00e1nlatk\\u00e9r\\u0151nket.\",\"breadcrumb\":{\"@id\":\"https:\/\/pro-plant.hu\/index.php\/kapcsolat\/#breadcrumb\"},\"inLanguage\":\"en-US\",\"potentialAction\":[{\"@type\":\"ReadAction\",\"target\":[\"https:\/\/pro-plant.hu\/index.php\/kapcsolat\/\"]}]},{\"@type\":\"BreadcrumbList\",\"@id\":\"https:\/\/pro-plant.hu\/index.php\/kapcsolat\/#breadcrumb\",\"itemListElement\":[{\"@type\":\"ListItem\",\"position\":1,\"item\":{\"@type\":\"WebPage\",\"@id\":\"https:\/\/pro-plant.hu\/\",\"url\":\"https:\/\/pro-plant.hu\/\",\"name\":\"Home\"}},{\"@type\":\"ListItem\",\"position\":2,\"item\":{\"@type\":\"WebPage\",\"@id\":\"https:\/\/pro-plant.hu\/index.php\/kapcsolat\/\",\"url\":\"https:\/\/pro-plant.hu\/index.php\/kapcsolat\/\",\"name\":\"Kapcsolat\"}}]}]}<\/script>\n<!-- \/ Yoast SEO plugin. -->","_links":{"self":[{"href":"https:\/\/pro-plant.hu\/index.php\/wp-json\/wp\/v2\/pages\/182","targetHints":{"allow":["GET"]}}],"collection":[{"href":"https:\/\/pro-plant.hu\/index.php\/wp-json\/wp\/v2\/pages"}],"about":[{"href":"https:\/\/pro-plant.hu\/index.php\/wp-json\/wp\/v2\/types\/page"}],"author":[{"embeddable":true,"href":"https:\/\/pro-plant.hu\/index.php\/wp-json\/wp\/v2\/users\/1"}],"replies":[{"embeddable":true,"href":"https:\/\/pro-plant.hu\/index.php\/wp-json\/wp\/v2\/comments?post=182"}],"version-history":[{"count":1,"href":"https:\/\/pro-plant.hu\/index.php\/wp-json\/wp\/v2\/pages\/182\/revisions"}],"predecessor-version":[{"id":554,"href":"https:\/\/pro-plant.hu\/index.php\/wp-json\/wp\/v2\/pages\/182\/revisions\/554"}],"wp:attachment":[{"href":"https:\/\/pro-plant.hu\/index.php\/wp-json\/wp\/v2\/media?parent=182"}],"curies":[{"name":"wp","href":"https:\/\/api.w.org\/{rel}","templated":true}]}}